{"id":1057,"date":"2025-04-20T22:04:48","date_gmt":"2025-04-20T20:04:48","guid":{"rendered":"https:\/\/www.filamentdevie.fr\/?page_id=1057"},"modified":"2025-07-26T18:01:57","modified_gmt":"2025-07-26T16:01:57","slug":"medium-energeticienne","status":"publish","type":"page","link":"https:\/\/www.filamentdevie.fr\/?page_id=1057","title":{"rendered":"Atelier et stage \u00e9nerg\u00e9tique"},"content":{"rendered":"<div class=\"fusion-fullwidth fullwidth-box fusion-builder-row-1 fusion-flex-container has-pattern-background has-mask-background nonhundred-percent-fullwidth non-hundred-percent-height-scrolling\" style=\"--awb-border-radius-top-left:0px;--awb-border-radius-top-right:0px;--awb-border-radius-bottom-right:0px;--awb-border-radius-bottom-left:0px;--awb-flex-wrap:wrap;\" ><div class=\"fusion-builder-row fusion-row fusion-flex-align-items-flex-start fusion-flex-content-wrap\" style=\"max-width:1185.6px;margin-left: calc(-4% \/ 2 );margin-right: calc(-4% \/ 2 );\"><div class=\"fusion-layout-column fusion_builder_column fusion-builder-column-0 fusion_builder_column_1_1 1_1 fusion-flex-column\" style=\"--awb-padding-bottom:112px;--awb-bg-size:cover;--awb-width-large:100%;--awb-margin-top-large:0px;--awb-spacing-right-large:1.92%;--awb-margin-bottom-large:60px;--awb-spacing-left-large:1.92%;--awb-width-medium:100%;--awb-order-medium:0;--awb-spacing-right-medium:1.92%;--awb-spacing-left-medium:1.92%;--awb-width-small:100%;--awb-order-small:0;--awb-spacing-right-small:1.92%;--awb-spacing-left-small:1.92%;\"><div class=\"fusion-column-wrapper lazyload fusion-column-has-shadow fusion-flex-justify-content-flex-start fusion-content-layout-column fusion-column-has-bg-image\" data-bg-url=\"https:\/\/www.filamentdevie.fr\/wp-content\/uploads\/2025\/04\/regard.png\" data-bg=\"https:\/\/www.filamentdevie.fr\/wp-content\/uploads\/2025\/04\/regard.png\"><div class=\"fusion-separator fusion-full-width-sep\" style=\"align-self: center;margin-left: auto;margin-right: auto;margin-top:100px;width:100%;\"><\/div><div class=\"fusion-text fusion-text-1\" style=\"--awb-margin-top:40px;\"><h2 style=\"text-align: center; color: rgb(249, 249, 249); --fontSize: 70; line-height: 1.4;\" data-fontsize=\"70\" data-lineheight=\"98px\" class=\"fusion-responsive-typography-calculated\">Ateliers et stages \u00e9nerg\u00e9tiques<\/h2>\n<\/div><div class=\"fusion-separator fusion-full-width-sep\" style=\"align-self: center;margin-left: auto;margin-right: auto;width:100%;\"><\/div><\/div><\/div><div class=\"fusion-layout-column fusion_builder_column fusion-builder-column-1 fusion_builder_column_1_3 1_3 fusion-flex-column\" style=\"--awb-bg-size:cover;--awb-width-large:33.333333333333%;--awb-margin-top-large:0px;--awb-spacing-right-large:5.76%;--awb-margin-bottom-large:0px;--awb-spacing-left-large:5.76%;--awb-width-medium:100%;--awb-order-medium:0;--awb-spacing-right-medium:1.92%;--awb-spacing-left-medium:1.92%;--awb-width-small:100%;--awb-order-small:0;--awb-spacing-right-small:1.92%;--awb-spacing-left-small:1.92%;\"><div class=\"fusion-column-wrapper fusion-column-has-shadow fusion-flex-justify-content-flex-start fusion-content-layout-column\"><div class=\"fusion-image-element \" style=\"--awb-caption-title-font-family:var(--h2_typography-font-family);--awb-caption-title-font-weight:var(--h2_typography-font-weight);--awb-caption-title-font-style:var(--h2_typography-font-style);--awb-caption-title-size:var(--h2_typography-font-size);--awb-caption-title-transform:var(--h2_typography-text-transform);--awb-caption-title-line-height:var(--h2_typography-line-height);--awb-caption-title-letter-spacing:var(--h2_typography-letter-spacing);\"><span class=\" fusion-imageframe imageframe-none imageframe-1 hover-type-none\"><img decoding=\"async\" width=\"600\" height=\"613\" title=\"342490527_6080216858742740_2458661814075868572_n\" src=\"https:\/\/www.filamentdevie.fr\/wp-content\/uploads\/2025\/04\/342490527_6080216858742740_2458661814075868572_n.webp\" data-orig-src=\"https:\/\/www.filamentdevie.fr\/wp-content\/uploads\/2025\/04\/342490527_6080216858742740_2458661814075868572_n-600x613.webp\" alt class=\"lazyload img-responsive wp-image-1076\" srcset=\"data:image\/svg+xml,%3Csvg%20xmlns%3D%27http%3A%2F%2Fwww.w3.org%2F2000%2Fsvg%27%20width%3D%271080%27%20height%3D%271103%27%20viewBox%3D%270%200%201080%201103%27%3E%3Crect%20width%3D%271080%27%20height%3D%271103%27%20fill-opacity%3D%220%22%2F%3E%3C%2Fsvg%3E\" data-srcset=\"https:\/\/www.filamentdevie.fr\/wp-content\/uploads\/2025\/04\/342490527_6080216858742740_2458661814075868572_n-66x66.webp 66w, https:\/\/www.filamentdevie.fr\/wp-content\/uploads\/2025\/04\/342490527_6080216858742740_2458661814075868572_n-200x204.webp 200w, https:\/\/www.filamentdevie.fr\/wp-content\/uploads\/2025\/04\/342490527_6080216858742740_2458661814075868572_n-294x300.webp 294w, https:\/\/www.filamentdevie.fr\/wp-content\/uploads\/2025\/04\/342490527_6080216858742740_2458661814075868572_n-400x409.webp 400w, https:\/\/www.filamentdevie.fr\/wp-content\/uploads\/2025\/04\/342490527_6080216858742740_2458661814075868572_n-600x613.webp 600w, https:\/\/www.filamentdevie.fr\/wp-content\/uploads\/2025\/04\/342490527_6080216858742740_2458661814075868572_n-768x784.webp 768w, https:\/\/www.filamentdevie.fr\/wp-content\/uploads\/2025\/04\/342490527_6080216858742740_2458661814075868572_n-800x817.webp 800w, https:\/\/www.filamentdevie.fr\/wp-content\/uploads\/2025\/04\/342490527_6080216858742740_2458661814075868572_n-1003x1024.webp 1003w, https:\/\/www.filamentdevie.fr\/wp-content\/uploads\/2025\/04\/342490527_6080216858742740_2458661814075868572_n.webp 1080w\" data-sizes=\"auto\" data-orig-sizes=\"(max-width: 1024px) 100vw, (max-width: 640px) 100vw, 400px\" \/><\/span><\/div><\/div><\/div><div class=\"fusion-layout-column fusion_builder_column fusion-builder-column-2 fusion_builder_column_2_3 2_3 fusion-flex-column\" style=\"--awb-bg-size:cover;--awb-width-large:66.666666666667%;--awb-margin-top-large:0px;--awb-spacing-right-large:2.88%;--awb-margin-bottom-large:0px;--awb-spacing-left-large:2.88%;--awb-width-medium:100%;--awb-order-medium:0;--awb-spacing-right-medium:1.92%;--awb-spacing-left-medium:1.92%;--awb-width-small:100%;--awb-order-small:0;--awb-spacing-right-small:1.92%;--awb-spacing-left-small:1.92%;\"><div class=\"fusion-column-wrapper fusion-column-has-shadow fusion-flex-justify-content-flex-start fusion-content-layout-column\"><div class=\"fusion-text fusion-text-2\"><p>Bonjour belles \u00e2mes.<\/p>\n<p>Tr\u00e8s prochainement des ateliers et stages \u00e9nerg\u00e9tiques vous seront propos\u00e9s.<\/p>\n<p>En pr\u00e9paration.<\/p>\n<p>De grands moments de partages \u00e0 venir.<\/p>\n<p>Gratitude.<\/p>\n<p>Marie-Christine<\/p>\n<\/div><\/div><\/div><\/div><\/div>\n","protected":false},"excerpt":{"rendered":"","protected":false},"author":1,"featured_media":0,"parent":0,"menu_order":0,"comment_status":"closed","ping_status":"closed","template":"","meta":{"footnotes":""},"class_list":["post-1057","page","type-page","status-publish","hentry"],"yoast_head":"<!-- This site is optimized with the Yoast SEO plugin v25.5 - https:\/\/yoast.com\/wordpress\/plugins\/seo\/ -->\n<title>Atelier et stage \u00e9nerg\u00e9tique - Filament de vie<\/title>\n<meta name=\"robots\" content=\"index, follow, max-snippet:-1, max-image-preview:large, max-video-preview:-1\" \/>\n<link rel=\"canonical\" href=\"https:\/\/www.filamentdevie.fr\/?page_id=1057\" \/>\n<meta property=\"og:locale\" content=\"fr_FR\" \/>\n<meta property=\"og:type\" content=\"article\" \/>\n<meta property=\"og:title\" content=\"Atelier et stage \u00e9nerg\u00e9tique - Filament de vie\" \/>\n<meta property=\"og:url\" content=\"https:\/\/www.filamentdevie.fr\/?page_id=1057\" \/>\n<meta property=\"og:site_name\" content=\"Filament de vie\" \/>\n<meta property=\"article:modified_time\" content=\"2025-07-26T16:01:57+00:00\" \/>\n<meta name=\"twitter:card\" content=\"summary_large_image\" \/>\n<meta name=\"twitter:label1\" content=\"Dur\u00e9e de lecture estim\u00e9e\" \/>\n\t<meta name=\"twitter:data1\" content=\"6 minutes\" \/>\n<script type=\"application\/ld+json\" class=\"yoast-schema-graph\">{\"@context\":\"https:\/\/schema.org\",\"@graph\":[{\"@type\":\"WebPage\",\"@id\":\"https:\/\/www.filamentdevie.fr\/?page_id=1057\",\"url\":\"https:\/\/www.filamentdevie.fr\/?page_id=1057\",\"name\":\"Atelier et stage \u00e9nerg\u00e9tique - Filament de vie\",\"isPartOf\":{\"@id\":\"https:\/\/www.filamentdevie.fr\/#website\"},\"datePublished\":\"2025-04-20T20:04:48+00:00\",\"dateModified\":\"2025-07-26T16:01:57+00:00\",\"breadcrumb\":{\"@id\":\"https:\/\/www.filamentdevie.fr\/?page_id=1057#breadcrumb\"},\"inLanguage\":\"fr-FR\",\"potentialAction\":[{\"@type\":\"ReadAction\",\"target\":[\"https:\/\/www.filamentdevie.fr\/?page_id=1057\"]}]},{\"@type\":\"BreadcrumbList\",\"@id\":\"https:\/\/www.filamentdevie.fr\/?page_id=1057#breadcrumb\",\"itemListElement\":[{\"@type\":\"ListItem\",\"position\":1,\"name\":\"Accueil\",\"item\":\"https:\/\/www.filamentdevie.fr\/\"},{\"@type\":\"ListItem\",\"position\":2,\"name\":\"Atelier et stage \u00e9nerg\u00e9tique\"}]},{\"@type\":\"WebSite\",\"@id\":\"https:\/\/www.filamentdevie.fr\/#website\",\"url\":\"https:\/\/www.filamentdevie.fr\/\",\"name\":\"Filament de vie\",\"description\":\"Tisse les \u00e9motions, \u00e9claire les \u00e2mes.\",\"potentialAction\":[{\"@type\":\"SearchAction\",\"target\":{\"@type\":\"EntryPoint\",\"urlTemplate\":\"https:\/\/www.filamentdevie.fr\/?s={search_term_string}\"},\"query-input\":{\"@type\":\"PropertyValueSpecification\",\"valueRequired\":true,\"valueName\":\"search_term_string\"}}],\"inLanguage\":\"fr-FR\"}]}<\/script>\n<!-- \/ Yoast SEO plugin. -->","yoast_head_json":{"title":"Atelier et stage \u00e9nerg\u00e9tique - Filament de vie","robots":{"index":"index","follow":"follow","max-snippet":"max-snippet:-1","max-image-preview":"max-image-preview:large","max-video-preview":"max-video-preview:-1"},"canonical":"https:\/\/www.filamentdevie.fr\/?page_id=1057","og_locale":"fr_FR","og_type":"article","og_title":"Atelier et stage \u00e9nerg\u00e9tique - Filament de vie","og_url":"https:\/\/www.filamentdevie.fr\/?page_id=1057","og_site_name":"Filament de vie","article_modified_time":"2025-07-26T16:01:57+00:00","twitter_card":"summary_large_image","twitter_misc":{"Dur\u00e9e de lecture estim\u00e9e":"6 minutes"},"schema":{"@context":"https:\/\/schema.org","@graph":[{"@type":"WebPage","@id":"https:\/\/www.filamentdevie.fr\/?page_id=1057","url":"https:\/\/www.filamentdevie.fr\/?page_id=1057","name":"Atelier et stage \u00e9nerg\u00e9tique - Filament de vie","isPartOf":{"@id":"https:\/\/www.filamentdevie.fr\/#website"},"datePublished":"2025-04-20T20:04:48+00:00","dateModified":"2025-07-26T16:01:57+00:00","breadcrumb":{"@id":"https:\/\/www.filamentdevie.fr\/?page_id=1057#breadcrumb"},"inLanguage":"fr-FR","potentialAction":[{"@type":"ReadAction","target":["https:\/\/www.filamentdevie.fr\/?page_id=1057"]}]},{"@type":"BreadcrumbList","@id":"https:\/\/www.filamentdevie.fr\/?page_id=1057#breadcrumb","itemListElement":[{"@type":"ListItem","position":1,"name":"Accueil","item":"https:\/\/www.filamentdevie.fr\/"},{"@type":"ListItem","position":2,"name":"Atelier et stage \u00e9nerg\u00e9tique"}]},{"@type":"WebSite","@id":"https:\/\/www.filamentdevie.fr\/#website","url":"https:\/\/www.filamentdevie.fr\/","name":"Filament de vie","description":"Tisse les \u00e9motions, \u00e9claire les \u00e2mes.","potentialAction":[{"@type":"SearchAction","target":{"@type":"EntryPoint","urlTemplate":"https:\/\/www.filamentdevie.fr\/?s={search_term_string}"},"query-input":{"@type":"PropertyValueSpecification","valueRequired":true,"valueName":"search_term_string"}}],"inLanguage":"fr-FR"}]}},"_links":{"self":[{"href":"https:\/\/www.filamentdevie.fr\/index.php?rest_route=\/wp\/v2\/pages\/1057","targetHints":{"allow":["GET"]}}],"collection":[{"href":"https:\/\/www.filamentdevie.fr\/index.php?rest_route=\/wp\/v2\/pages"}],"about":[{"href":"https:\/\/www.filamentdevie.fr\/index.php?rest_route=\/wp\/v2\/types\/page"}],"author":[{"embeddable":true,"href":"https:\/\/www.filamentdevie.fr\/index.php?rest_route=\/wp\/v2\/users\/1"}],"replies":[{"embeddable":true,"href":"https:\/\/www.filamentdevie.fr\/index.php?rest_route=%2Fwp%2Fv2%2Fcomments&post=1057"}],"version-history":[{"count":7,"href":"https:\/\/www.filamentdevie.fr\/index.php?rest_route=\/wp\/v2\/pages\/1057\/revisions"}],"predecessor-version":[{"id":1308,"href":"https:\/\/www.filamentdevie.fr\/index.php?rest_route=\/wp\/v2\/pages\/1057\/revisions\/1308"}],"wp:attachment":[{"href":"https:\/\/www.filamentdevie.fr\/index.php?rest_route=%2Fwp%2Fv2%2Fmedia&parent=1057"}],"curies":[{"name":"wp","href":"https:\/\/api.w.org\/{rel}","templated":true}]}}